{"id":8510,"date":"2023-06-07T16:25:49","date_gmt":"2023-06-07T15:25:49","guid":{"rendered":"https:\/\/www.bioteckacademy.com\/vds\/i-diversi-biomateriali-per-la-preservazione-alveolare-dalla-biologia-alla-pratica-clinica\/"},"modified":"2025-05-14T15:07:24","modified_gmt":"2025-05-14T14:07:24","slug":"preservacion-alveolar","status":"publish","type":"vds","link":"https:\/\/www.bioteckacademy.com\/es\/vds\/preservacion-alveolar\/","title":{"rendered":"Diferentes biomateriales para la preservaci\u00f3n alveolar: de la biolog\u00eda a la pr\u00e1ctica cl\u00ednica."},"content":{"rendered":"<p>La conferencia del Prof. Danilo Di Stefano se centr\u00f3 en las caracter\u00edsticas de los biomateriales en el mercado hoy en d\u00eda y c\u00f3mo pueden surgir tambi\u00e9n a nivel de resultados cl\u00ednicos.<\/p>\n<p>Tras una introducci\u00f3n sobre las principales caracter\u00edsticas de los biomateriales, el Prof. Di Stefano ilustra los estudios in vitro m\u00e1s recientes, que muestran diferencias en la capacidad de los biomateriales para interactuar con las c\u00e9lulas implicadas en la regeneraci\u00f3n \u00f3sea. En la segunda parte de la charla, sin embargo, el Prof. Di Stefano muestra c\u00f3mo las diferencias observadas a nivel celular tambi\u00e9n tienen un impacto a nivel cl\u00ednico: los datos cl\u00ednicos e histol\u00f3gicos demuestran que los biomateriales &#8220;no son todos iguales&#8221;.<\/p>\n<p>&nbsp;<\/p>\n<p>&nbsp;<\/p>\n<p>&nbsp;<\/p>\n","protected":false},"featured_media":10813,"template":"","ann":[2170],"argomento":[2176],"autore":[2184],"tipologia":[2207],"class_list":["post-8510","vds","type-vds","status-publish","has-post-thumbnail","hentry","ann-2022-es","argomento-odontologia-y-cirugia-maxilofacial","autore-prof-danilo-di-stefano-es","tipologia-conferencia"],"acf":[],"yoast_head":"<!-- This site is optimized with the Yoast SEO plugin v26.3 - https:\/\/yoast.com\/wordpress\/plugins\/seo\/ -->\n<title>Diferentes biomateriales para la preservaci\u00f3n alveolar: de la biolog\u00eda a la pr\u00e1ctica cl\u00ednica. - Bioteck Academy<\/title>\n<meta name=\"description\" content=\"La conferencia del Prof. Danilo Di Stefano se centr\u00f3 en las caracter\u00edsticas de los biomateriales en el mercado hoy en d\u00eda y c\u00f3mo pueden...\" \/>\n<meta name=\"robots\" content=\"index, follow, max-snippet:-1, max-image-preview:large, max-video-preview:-1\" \/>\n<link rel=\"canonical\" href=\"https:\/\/www.bioteckacademy.com\/es\/vds\/preservacion-alveolar\/\" \/>\n<meta property=\"og:locale\" content=\"es_ES\" \/>\n<meta property=\"og:type\" content=\"article\" \/>\n<meta property=\"og:title\" content=\"Diferentes biomateriales para la preservaci\u00f3n alveolar: de la biolog\u00eda a la pr\u00e1ctica cl\u00ednica. - Bioteck Academy\" \/>\n<meta property=\"og:description\" content=\"La conferencia del Prof. Danilo Di Stefano se centr\u00f3 en las caracter\u00edsticas de los biomateriales en el mercado hoy en d\u00eda y c\u00f3mo pueden...\" \/>\n<meta property=\"og:url\" content=\"https:\/\/www.bioteckacademy.com\/es\/vds\/preservacion-alveolar\/\" \/>\n<meta property=\"og:site_name\" content=\"Bioteck Academy\" \/>\n<meta property=\"article:modified_time\" content=\"2025-05-14T14:07:24+00:00\" \/>\n<meta property=\"og:image\" content=\"https:\/\/www.bioteckacademy.com\/wp-content\/uploads\/2023\/06\/Di-Stefano-SIDCO-ES-play-1.jpg\" \/>\n\t<meta property=\"og:image:width\" content=\"1280\" \/>\n\t<meta property=\"og:image:height\" content=\"720\" \/>\n\t<meta property=\"og:image:type\" content=\"image\/jpeg\" \/>\n<meta name=\"twitter:card\" content=\"summary_large_image\" \/>\n<meta name=\"twitter:label1\" content=\"Est. reading time\" \/>\n\t<meta name=\"twitter:data1\" content=\"1 minute\" \/>\n<script type=\"application\/ld+json\" class=\"yoast-schema-graph\">{\"@context\":\"https:\/\/schema.org\",\"@graph\":[{\"@type\":\"WebPage\",\"@id\":\"https:\/\/www.bioteckacademy.com\/es\/vds\/preservacion-alveolar\/\",\"url\":\"https:\/\/www.bioteckacademy.com\/es\/vds\/preservacion-alveolar\/\",\"name\":\"Diferentes biomateriales para la preservaci\u00f3n alveolar: de la biolog\u00eda a la pr\u00e1ctica cl\u00ednica. - Bioteck Academy\",\"isPartOf\":{\"@id\":\"https:\/\/www.bioteckacademy.com\/es\/#website\"},\"primaryImageOfPage\":{\"@id\":\"https:\/\/www.bioteckacademy.com\/es\/vds\/preservacion-alveolar\/#primaryimage\"},\"image\":{\"@id\":\"https:\/\/www.bioteckacademy.com\/es\/vds\/preservacion-alveolar\/#primaryimage\"},\"thumbnailUrl\":\"https:\/\/www.bioteckacademy.com\/wp-content\/uploads\/2023\/06\/Di-Stefano-SIDCO-ES-1.jpg\",\"datePublished\":\"2023-06-07T15:25:49+00:00\",\"dateModified\":\"2025-05-14T14:07:24+00:00\",\"description\":\"La conferencia del Prof. Danilo Di Stefano se centr\u00f3 en las caracter\u00edsticas de los biomateriales en el mercado hoy en d\u00eda y c\u00f3mo pueden...\",\"breadcrumb\":{\"@id\":\"https:\/\/www.bioteckacademy.com\/es\/vds\/preservacion-alveolar\/#breadcrumb\"},\"inLanguage\":\"es-ES\",\"potentialAction\":[{\"@type\":\"ReadAction\",\"target\":[\"https:\/\/www.bioteckacademy.com\/es\/vds\/preservacion-alveolar\/\"]}]},{\"@type\":\"ImageObject\",\"inLanguage\":\"es-ES\",\"@id\":\"https:\/\/www.bioteckacademy.com\/es\/vds\/preservacion-alveolar\/#primaryimage\",\"url\":\"https:\/\/www.bioteckacademy.com\/wp-content\/uploads\/2023\/06\/Di-Stefano-SIDCO-ES-1.jpg\",\"contentUrl\":\"https:\/\/www.bioteckacademy.com\/wp-content\/uploads\/2023\/06\/Di-Stefano-SIDCO-ES-1.jpg\",\"width\":1280,\"height\":720,\"caption\":\"Di Stefano SIDCO ES\"},{\"@type\":\"BreadcrumbList\",\"@id\":\"https:\/\/www.bioteckacademy.com\/es\/vds\/preservacion-alveolar\/#breadcrumb\",\"itemListElement\":[{\"@type\":\"ListItem\",\"position\":1,\"name\":\"Home\",\"item\":\"https:\/\/www.bioteckacademy.com\/es\/\"},{\"@type\":\"ListItem\",\"position\":2,\"name\":\"Diferentes biomateriales para la preservaci\u00f3n alveolar: de la biolog\u00eda a la pr\u00e1ctica cl\u00ednica.\"}]},{\"@type\":\"WebSite\",\"@id\":\"https:\/\/www.bioteckacademy.com\/es\/#website\",\"url\":\"https:\/\/www.bioteckacademy.com\/es\/\",\"name\":\"Bioteck Academy\",\"description\":\"La Bioteck Academy promuove la diffusione del sapere nel campo della medicina rigenerativa applicata all\u2019odontoiatria, alla chirurgia maxillofacciale, all\u2019ortopedia e alla neurochirurgia.\",\"potentialAction\":[{\"@type\":\"SearchAction\",\"target\":{\"@type\":\"EntryPoint\",\"urlTemplate\":\"https:\/\/www.bioteckacademy.com\/es\/?s={search_term_string}\"},\"query-input\":{\"@type\":\"PropertyValueSpecification\",\"valueRequired\":true,\"valueName\":\"search_term_string\"}}],\"inLanguage\":\"es-ES\"}]}<\/script>\n<!-- \/ Yoast SEO plugin. -->","yoast_head_json":{"title":"Diferentes biomateriales para la preservaci\u00f3n alveolar: de la biolog\u00eda a la pr\u00e1ctica cl\u00ednica. - Bioteck Academy","description":"La conferencia del Prof. Danilo Di Stefano se centr\u00f3 en las caracter\u00edsticas de los biomateriales en el mercado hoy en d\u00eda y c\u00f3mo pueden...","robots":{"index":"index","follow":"follow","max-snippet":"max-snippet:-1","max-image-preview":"max-image-preview:large","max-video-preview":"max-video-preview:-1"},"canonical":"https:\/\/www.bioteckacademy.com\/es\/vds\/preservacion-alveolar\/","og_locale":"es_ES","og_type":"article","og_title":"Diferentes biomateriales para la preservaci\u00f3n alveolar: de la biolog\u00eda a la pr\u00e1ctica cl\u00ednica. - Bioteck Academy","og_description":"La conferencia del Prof. Danilo Di Stefano se centr\u00f3 en las caracter\u00edsticas de los biomateriales en el mercado hoy en d\u00eda y c\u00f3mo pueden...","og_url":"https:\/\/www.bioteckacademy.com\/es\/vds\/preservacion-alveolar\/","og_site_name":"Bioteck Academy","article_modified_time":"2025-05-14T14:07:24+00:00","og_image":[{"width":1280,"height":720,"url":"https:\/\/www.bioteckacademy.com\/wp-content\/uploads\/2023\/06\/Di-Stefano-SIDCO-ES-play-1.jpg","type":"image\/jpeg"}],"twitter_card":"summary_large_image","twitter_misc":{"Est. reading time":"1 minute"},"schema":{"@context":"https:\/\/schema.org","@graph":[{"@type":"WebPage","@id":"https:\/\/www.bioteckacademy.com\/es\/vds\/preservacion-alveolar\/","url":"https:\/\/www.bioteckacademy.com\/es\/vds\/preservacion-alveolar\/","name":"Diferentes biomateriales para la preservaci\u00f3n alveolar: de la biolog\u00eda a la pr\u00e1ctica cl\u00ednica. - Bioteck Academy","isPartOf":{"@id":"https:\/\/www.bioteckacademy.com\/es\/#website"},"primaryImageOfPage":{"@id":"https:\/\/www.bioteckacademy.com\/es\/vds\/preservacion-alveolar\/#primaryimage"},"image":{"@id":"https:\/\/www.bioteckacademy.com\/es\/vds\/preservacion-alveolar\/#primaryimage"},"thumbnailUrl":"https:\/\/www.bioteckacademy.com\/wp-content\/uploads\/2023\/06\/Di-Stefano-SIDCO-ES-1.jpg","datePublished":"2023-06-07T15:25:49+00:00","dateModified":"2025-05-14T14:07:24+00:00","description":"La conferencia del Prof. Danilo Di Stefano se centr\u00f3 en las caracter\u00edsticas de los biomateriales en el mercado hoy en d\u00eda y c\u00f3mo pueden...","breadcrumb":{"@id":"https:\/\/www.bioteckacademy.com\/es\/vds\/preservacion-alveolar\/#breadcrumb"},"inLanguage":"es-ES","potentialAction":[{"@type":"ReadAction","target":["https:\/\/www.bioteckacademy.com\/es\/vds\/preservacion-alveolar\/"]}]},{"@type":"ImageObject","inLanguage":"es-ES","@id":"https:\/\/www.bioteckacademy.com\/es\/vds\/preservacion-alveolar\/#primaryimage","url":"https:\/\/www.bioteckacademy.com\/wp-content\/uploads\/2023\/06\/Di-Stefano-SIDCO-ES-1.jpg","contentUrl":"https:\/\/www.bioteckacademy.com\/wp-content\/uploads\/2023\/06\/Di-Stefano-SIDCO-ES-1.jpg","width":1280,"height":720,"caption":"Di Stefano SIDCO ES"},{"@type":"BreadcrumbList","@id":"https:\/\/www.bioteckacademy.com\/es\/vds\/preservacion-alveolar\/#breadcrumb","itemListElement":[{"@type":"ListItem","position":1,"name":"Home","item":"https:\/\/www.bioteckacademy.com\/es\/"},{"@type":"ListItem","position":2,"name":"Diferentes biomateriales para la preservaci\u00f3n alveolar: de la biolog\u00eda a la pr\u00e1ctica cl\u00ednica."}]},{"@type":"WebSite","@id":"https:\/\/www.bioteckacademy.com\/es\/#website","url":"https:\/\/www.bioteckacademy.com\/es\/","name":"Bioteck Academy","description":"La Bioteck Academy promuove la diffusione del sapere nel campo della medicina rigenerativa applicata all\u2019odontoiatria, alla chirurgia maxillofacciale, all\u2019ortopedia e alla neurochirurgia.","potentialAction":[{"@type":"SearchAction","target":{"@type":"EntryPoint","urlTemplate":"https:\/\/www.bioteckacademy.com\/es\/?s={search_term_string}"},"query-input":{"@type":"PropertyValueSpecification","valueRequired":true,"valueName":"search_term_string"}}],"inLanguage":"es-ES"}]}},"_links":{"self":[{"href":"https:\/\/www.bioteckacademy.com\/es\/wp-json\/wp\/v2\/vds\/8510","targetHints":{"allow":["GET"]}}],"collection":[{"href":"https:\/\/www.bioteckacademy.com\/es\/wp-json\/wp\/v2\/vds"}],"about":[{"href":"https:\/\/www.bioteckacademy.com\/es\/wp-json\/wp\/v2\/types\/vds"}],"wp:featuredmedia":[{"embeddable":true,"href":"https:\/\/www.bioteckacademy.com\/es\/wp-json\/wp\/v2\/media\/10813"}],"wp:attachment":[{"href":"https:\/\/www.bioteckacademy.com\/es\/wp-json\/wp\/v2\/media?parent=8510"}],"wp:term":[{"taxonomy":"ann","embeddable":true,"href":"https:\/\/www.bioteckacademy.com\/es\/wp-json\/wp\/v2\/ann?post=8510"},{"taxonomy":"argomento","embeddable":true,"href":"https:\/\/www.bioteckacademy.com\/es\/wp-json\/wp\/v2\/argomento?post=8510"},{"taxonomy":"autore","embeddable":true,"href":"https:\/\/www.bioteckacademy.com\/es\/wp-json\/wp\/v2\/autore?post=8510"},{"taxonomy":"tipologia","embeddable":true,"href":"https:\/\/www.bioteckacademy.com\/es\/wp-json\/wp\/v2\/tipologia?post=8510"}],"curies":[{"name":"wp","href":"https:\/\/api.w.org\/{rel}","templated":true}]}}

Diferentes biomateriales para la preservación alveolar: de la biología a la práctica clínica.

<p>La conferencia del Prof. Danilo Di Stefano se centró en las características de los biomateriales en el mercado hoy en día y cómo pueden surgir también a nivel de resultados clínicos.</p>
<p>Tras una introducción sobre las principales características de los biomateriales, el Prof. Di Stefano ilustra los estudios in vitro más recientes, que muestran diferencias en la capacidad de los biomateriales para interactuar con las células implicadas en la regeneración ósea. En la segunda parte de la charla, sin embargo, el Prof. Di Stefano muestra cómo las diferencias observadas a nivel celular también tienen un impacto a nivel clínico: los datos clínicos e histológicos demuestran que los biomateriales &#8220;no son todos iguales&#8221;.</p>
<p>&nbsp;</p>
<p>&nbsp;</p>
<p>&nbsp;</p>

<!-- This site is optimized with the Yoast SEO plugin v26.3 - https://yoast.com/wordpress/plugins/seo/ -->
<title>Diferentes biomateriales para la preservación alveolar: de la biología a la práctica clínica. - Bioteck Academy</title>
<meta name="description" content="La conferencia del Prof. Danilo Di Stefano se centró en las características de los biomateriales en el mercado hoy en día y cómo pueden..." />
<meta name="robots" content="index, follow, max-snippet:-1, max-image-preview:large, max-video-preview:-1" />
<link rel="canonical" href="https://www.bioteckacademy.com/es/vds/preservacion-alveolar/" />
<meta property="og:locale" content="es_ES" />
<meta property="og:type" content="article" />
<meta property="og:title" content="Diferentes biomateriales para la preservación alveolar: de la biología a la práctica clínica. - Bioteck Academy" />
<meta property="og:description" content="La conferencia del Prof. Danilo Di Stefano se centró en las características de los biomateriales en el mercado hoy en día y cómo pueden..." />
<meta property="og:url" content="https://www.bioteckacademy.com/es/vds/preservacion-alveolar/" />
<meta property="og:site_name" content="Bioteck Academy" />
<meta property="article:modified_time" content="2025-05-14T14:07:24+00:00" />
<meta property="og:image" content="https://www.bioteckacademy.com/wp-content/uploads/2023/06/Di-Stefano-SIDCO-ES-play-1.jpg" />
	<meta property="og:image:width" content="1280" />
	<meta property="og:image:height" content="720" />
	<meta property="og:image:type" content="image/jpeg" />
<meta name="twitter:card" content="summary_large_image" />
<meta name="twitter:label1" content="Est. reading time" />
	<meta name="twitter:data1" content="1 minute" />
<script type="application/ld+json" class="yoast-schema-graph">{"@context":"https://schema.org","@graph":[{"@type":"WebPage","@id":"https://www.bioteckacademy.com/es/vds/preservacion-alveolar/","url":"https://www.bioteckacademy.com/es/vds/preservacion-alveolar/","name":"Diferentes biomateriales para la preservación alveolar: de la biología a la práctica clínica. - Bioteck Academy","isPartOf":{"@id":"https://www.bioteckacademy.com/es/#website"},"primaryImageOfPage":{"@id":"https://www.bioteckacademy.com/es/vds/preservacion-alveolar/#primaryimage"},"image":{"@id":"https://www.bioteckacademy.com/es/vds/preservacion-alveolar/#primaryimage"},"thumbnailUrl":"https://www.bioteckacademy.com/wp-content/uploads/2023/06/Di-Stefano-SIDCO-ES-1.jpg","datePublished":"2023-06-07T15:25:49+00:00","dateModified":"2025-05-14T14:07:24+00:00","description":"La conferencia del Prof. Danilo Di Stefano se centró en las características de los biomateriales en el mercado hoy en día y cómo pueden...","breadcrumb":{"@id":"https://www.bioteckacademy.com/es/vds/preservacion-alveolar/#breadcrumb"},"inLanguage":"es-ES","potentialAction":[{"@type":"ReadAction","target":["https://www.bioteckacademy.com/es/vds/preservacion-alveolar/"]}]},{"@type":"ImageObject","inLanguage":"es-ES","@id":"https://www.bioteckacademy.com/es/vds/preservacion-alveolar/#primaryimage","url":"https://www.bioteckacademy.com/wp-content/uploads/2023/06/Di-Stefano-SIDCO-ES-1.jpg","contentUrl":"https://www.bioteckacademy.com/wp-content/uploads/2023/06/Di-Stefano-SIDCO-ES-1.jpg","width":1280,"height":720,"caption":"Di Stefano SIDCO ES"},{"@type":"BreadcrumbList","@id":"https://www.bioteckacademy.com/es/vds/preservacion-alveolar/#breadcrumb","itemListElement":[{"@type":"ListItem","position":1,"name":"Home","item":"https://www.bioteckacademy.com/es/"},{"@type":"ListItem","position":2,"name":"Diferentes biomateriales para la preservación alveolar: de la biología a la práctica clínica."}]},{"@type":"WebSite","@id":"https://www.bioteckacademy.com/es/#website","url":"https://www.bioteckacademy.com/es/","name":"Bioteck Academy","description":"La Bioteck Academy promuove la diffusione del sapere nel campo della medicina rigenerativa applicata all’odontoiatria, alla chirurgia maxillofacciale, all’ortopedia e alla neurochirurgia.","potentialAction":[{"@type":"SearchAction","target":{"@type":"EntryPoint","urlTemplate":"https://www.bioteckacademy.com/es/?s={search_term_string}"},"query-input":{"@type":"PropertyValueSpecification","valueRequired":true,"valueName":"search_term_string"}}],"inLanguage":"es-ES"}]}</script>
<!-- / Yoast SEO plugin. -->

Diferentes biomateriales para la preservación alveolar: de la biología a la práctica clínica. - Bioteck Academy

La conferencia del Prof. Danilo Di Stefano se centró en las características de los biomateriales en el mercado hoy en día y cómo pueden...
